late 160 + -167 + (-12 + 9 - (0 - 2)).
-8
What is 32 + -2 + (-7 - -6) + -8?
21
What is 10 - 1 - (-5 + 10 - (8 + 4))?
16
What is 6 + (-10 - -20 - (1 + 23))?
-8
What is the value of (-1 - -1) + 308 + -291?
17
What is (2 - 6 - -5) + (3 - 9) - 4?
-9
Evaluate -8 - -1 - (-5 + 2) - (71 + -64).
-11
What is (-69 - -65) + 9 + 2 + -3?
4
What is 3 + 11 - 19 - 4?
-9
Evaluate -26 + (-12 - -30) + -11.
-19
What is -7 + (-3 - -2) + -1 + (0 - 8)?
-17
What is 30 + ((-20 - 12) + 11 - -10)?
19
Calculate -3 + 0 + (-5 - 4 - (-31 - -24)).
-5
-3 - 8 - ((-1 - -5) + 11 + -6)
-20
What is the value of -3 - (-6 + 12 + -4 - 1)?
-4
Evaluate 1 + (-2 - -30 - (-8 - -10 - 1)).
28
What is -4 - (-18 + 9) - 22?
-17
What is the value of -3 + 4 + -10 + 8 + 5?
4
What is (8 + 4 + -20 - -8) + 1 + -8?
-7
Evaluate -6 - (0 - (8 + 0)) - 5.
-3
(0 - 1) + (-9 - -24)
14
Calculate -7 - (4 - -4 - 2 - (-10 - -12)).
-11
Evaluate (8 - (6 - (8 - 13)) - -5) + -25.
-23
Evaluate 4 + 5 + 2 + -13 + (13 - 15).
-4
Calculate 34 + -31 + 5 + -5.
3
(-9 - (-3 - 15)) + -2
7
Calculate -2 + (-19 - -33) + -6 + 20.
26
Evaluate 9 - (2 + 0 - (106 + -100)).
13
Evaluate 11 - 3 - (39 + -28).
-3
14 + -4 + (-7 - -3) - (0 + -4)
10
What is the value of 0 - -3 - -5 - (-7 + (-4 - -5))?
14
6 + (-9 - -11) + -4 + 3 + -4
3
Calculate (1 - -6 - 1) + -3 + -2 + 7.
8
What is the value of 13 - ((-2 + 6 - 11) + 6)?
14
What is -26 - -54 - 43 - -21?
6
-25 - -25 - 24 - (-9 + (0 - -1))
-16
-8 - -5 - 2 - (-6 + 0)
1
11 + 6 + -1 - (4 - 10)
22
(4 + -5 - -4) + 1 + (3 - -11)
18
What is the value of -17 + 0 + 26 + 32 + -68 + 6?
-21
Calculate (-5 - -73 - 80) + -3 + -1.
-16
Evaluate (15 - 5) + -6 + -3 + -15.
-14
What is the value of 8 - (-9 + 5 + 9)?
3
What is the value of 21 + (-27 - -20 - 29)?
-15
Evaluate 7 - (16 + (-2 - 5) - (3 - -3)).
4
What is -4 + 1 + -41 + 52?
8
Evaluate (-21 - (-7 - 46)) + -18.
14
Evaluate (-2 - (13 + (2 - 18))) + (4 - 15).
-10
What is -93 + 89 - (0 + 7 + -2)?
-9
What is -14 - (8 - (-27 - -13 - -11))?
-25
-2 + 0 + (90 - 87 - (0 + 7))
-6
-3 + (7 - 4) + 4 - (121 + -94)
-23
What is -6 - -4 - (1 + (-1 - (-7 + 6)))?
-3
What is the value of -6 - (6 - (10 + 13))?
11
What is the value of (0 - -6) + 0 + (-9 - (0 + 2))?
-5
Evaluate -2 + (8 - 3) + 0 + -10 - 6.
-13
Calculate 14 - (-7 + 35) - (2 + 2 + -4).
-14
What is the value of 7 + 16 + (0 - 16 - -9) + -10?
6
What is the value of -10 - (-132 - -130 - (-1 + 14))?
5
What is 89 + -111 - (-1 - 17)?
-4
What is the value of -6 - -1 - (-2 - (-19 + 14))?
-8
Calculate 8 + -2 - (142 + -158).
22
What is (3 - (7 + 33)) + 6?
-31
What is the value of 9 + 7 + (-6 - (-5 - 2))?
17
(1 - 0 - 15) + (-195 - -202)
-7
Calculate (2 + (-2 - -5) - 10) + 5.
0
Evaluate 7 + (16 - (12 - 5)) + -19 - -22.
19
Calculate (14 - (-2 - 7 - -13)) + -34.
-24
What is the value of 18 + (-11 - 24) + 21?
4
27 + (-1 - (0 - (0 + (1 - 5))))
22
Calculate -16 + -1 - (32 + -55).
6
What is the value of (-1 - 23) + (893 - 858)?
11
-8 + (7 + -13 + -3 - -15)
-2
13 + (-2 - 22 - (-79 - -90))
-22
Evaluate 19 + 1 + -5 + (-3 - -2) + 1.
15
Calculate -19 + (5 - (3 - 20)).
3
What is the value of (0 - -16) + (-1 - (-12 - -8))?
19
What is the value of (-6 - (-3 + 3)) + 2?
-4
What is 9 + -7 + 6 - (2 - -4)?
2
Calculate (2 + 2 - (23 + -9)) + -21 + 1.
-30
Calculate 1 - 22 - (-16 - -5).
-10
Evaluate -13 - (-10 + 16 - 35).
16
What is the value of -22 - -17 - ((-3 - -1) + -8)?
5
Evaluate -1 + ((2 - 4) + 12 - (38 - 32)).
3
What is the value of (-9 + -3 - -19) + -2 + -16 + 1?
-10
What is (-37 - 23) + 21 - -24?
-15
9 + -16 + 16 + -1
8
10 - ((-12 - -18) + -2)
6
Evaluate -10 + 2 + 3 + (-82 - -95).
8
What is -4 + 15 + -31 + 17?
-3
(-8 - -1) + 615 + -574
34
Evaluate 9 - (-2 + 4 + 5 - (-58 + 44)).
-12
Calculate 6 + 12 + (-8 - (-2 - -1)).
11
(24 - 36) + 0 + 2 + (0 - -9)
-1
Evaluate -3 + (-6 - (19 - 12)) - (14 - 2).
-28
Evaluate (1 - 5) + -1 + (-3 - -11) + 5.
8
What is the value of (14 - 4 - (-11 + 19)) + -13 + -8?
-19
-8 + 3 - (-11 + 9 + -11 + 8)
0
Calculate 1 - (23 + 13 + -9 + -5 + 2).
-23
What is the value of -12 - -4 - (10 + (-31 - -1))?
12
What is 29 - (96 + -51) - (10 - -2)?
-28
(104 - 119) + 7 + 0
-8
What is the value of 28 - -1 - (-284 - -326)?
-13
What is the value of -142 + 147 + -2 + -27?
-24
Evaluate (-10 + 15 - -14) + -1.
18
-3 + -5 + (176 - 151)
17
(-4 + 0 - (-29 + 7) - 3) + -6
9
Calculate -14 + 0 - (-1 - 5).
-8
-32 + 42 + 2 + -1 + 3
14
Calculate -7 + (-4 - (-1 + -6 + -4)).
0
-2 + -1 + -32 + 14 + 13
-8
What is the value of 7 - 18 - -5 - -2?
-4
What is the value of 14 + -25 - -33 - 10?
12
Calculate (-7 - (-3 + -2)) + 2 + -2.
-2
Calculate -20 + 36 + (-3 - -6).
19
3 - (-12 + 6 + 12) - 0
-3
Evaluate 15 + -23 - 0 - (1 - 5).
-4
What is the value of (1 - 12 - 5) + 13?
-3
Evaluate 18 - (3 + 13 + -13).
15
8 + -33 - -22 - -8
5
-8 + -2 + 9 + 5
4
-8 + (-10 - (0 + -9))
-9
Calculate (-103 - -122) + (-8 - 27).
-16
Evaluate (6 - 6) + -5 + -8.
-13
5 + (20 + -1 - 10)
14
1 - (1 + (-2 - -2)) - 13
-13
What is 21 - (39 + -23) - -12?
17
What is (-12 - (6 + -16 + 2)) + 16?
12
Calculate -6 + (-16 - -30 - (8 + -1)) - -9.
10
What is (-185 - -194) + (2 - (14 - (1 - 1)))?
-3
Evaluate 1 + -4 + -47 + (14 - -44).
8
-26 - (-4 + 8 + 15 + -15 - -4)
-34
Calculate (2 - 3) + 0 + (6 + -4 - 0).
1
Calculate -35 + (-8 - -77 - 29).
5
What is the value of (7 - (10 - 4)) + 14?
15
4 - (2 + (6 - 6)) - -12
14
Calculate (3 - (3 - (-9 + 2))) + (-14 - -14).
-7
Evaluate 13 + 2 + 14 + -25.
4
What is -3 - (1 - (3 + 0) - (-20 - -23))?
2
What is -5 - ((24 - 13 - 19) + -1 + 15)?
-11
What is (-1 - -17) + -43 + -2 + 30?
1
Evaluate -4 + 8 + -11 + 11 - 1.
3
Evaluate (-8 - (-40 + 17) - 20) + -15 + 0.
-20
Evaluate 7 + -15 + (8 - (5 - -2)).
-7
Evaluate (-16 + 0 - -1) + 6.
-9
What is (-2 - -10) + (-2 + -8 + 11 - 6)?
3
(-11 - (-6 - (-4 + 4))) + 6 + 11
12
What is (3 + 8 - -1) + (51 - 85 - -27)?
5
What is the value of 12 + (7 - (5 + 6 + 0)) + -10?
-2
Evaluate (12 + -34 - -7) + 6.
-9
Evaluate (1 - (-7 + 3 + -3)) + -13.
-5
What is -157 + 148 + 2 + (2 + 3 - 1)?
-3
1 - (3 - -3) - -14
9
What is 0 + 10 + -6 + -9 + 20?
15
Calculate -23 + 2 + -181 + 184 + -8.
-26
What is -4 + -5 + (1 + 0 - -5) - 4?
-7
Evaluate (14 - (27 + -7)) + 2 + 22.
18
Evaluate (-48 - -16 - 17) + 7 - -16.
-26
What is 37 + -11 + (2 - 16)?
12
Calculate (-29 - 3) + -1020 + 1013.
-39
4 + -2 + -7 + 3 - (-54 - -62)
-10
Evaluate -3 - -1 - (-18 + 18) - (-3 + -10).
11
12 - (10 - 2) - (-13 - 16)
33
Evaluate 2 + -13 + -2 - (-14 + (-23 - -34)).
-10
41 - (10 + 12 + -15 + -1 + 1)
34
21 - (-13 - (-19 + -2))
13
Calculate 50 - 59 - (0 - -3 - 21).
9
What is (3 - (0 + -1)) + (-129 + 55 - -68)?
-2
Calculate 9 + -5 + -10 + 6.
0
28 + (13 - 18 - 12)
11
Evaluate 7 + 8 + -9 - (-6 + -5).
17
Calculate 228 + -215 + (2 - (-1 - 1) - -3).
20
Evaluate -12 + 14 + (26 - 11).
17
Evaluate 34 + -38 + (0 - (-6 - -3)).
-1
76 - (43 + -11) - 14
30
What is 10 + 6 + -10 - (6 + -6) - 12?
-6
What is 4 + (21 - 29) + (4 + 0 - -2)?
2
What is (-13 - -9) + (-11 - -5) - -29?
19
-14 + (11 - (17 - 5)) - -17
2
(-17 - (-21 + 1)) + -7
-4
Evaluate (12 - 4) + 7 + -6 + -10.
-1
What is -5 + 1 - (-9 + 3)?
2
What is 6 - (1 + 6) - (32 + -16 + 4)?
-21
What is 10 - (4 + -11 + 30 + -22)?
9
Calculate -1 + (-5 - 2 - (-15 + 10 - 1)).
-2
What is 0 + 7 + 0 + (0 - (-11 - -7))?
11
What is -6 + (26 - (-3 + (-10 - -3 - -16)))?
14
What is 47 + -41 + 5 + -26 + -5 + 2?
-18
4 + 11 + 77 + -84
8
What is 9 + -15 + 7 + 2 + -1 + -14?
-12
What is the value of -19 - (-5 - (-7 + 24))?
3
Calculate -20 - (8 - 7 - (14 - 11)).
-18
Evaluate 3 + -5 + 10 + (5 + -4 - -4).
13
Calculate -5 + 6 + -2 + (6 + -4 - 2).
-1
Evaluate (-8 - -1) + (14 - (15 + -4)) + -6.
-10
-34 + 32 - (2 + 15)
-19
What is the value of 1 - 20 - (-261 - -254)?
-12
Evaluate 13 - 1 - (9 - 9 - 5 - -6).
11
-4 - (7 - (-1 + 4) - 7 - 6)
5
Calculate (-320 + 307 - (-1 - 27)) + 3.
18
What is -8 - 2 - (-3 - (4 - -2) - -7)?
-8
What is the value of -19 + 0 + 26 + (-1 - 18)?
-12
-4 - -12 - (-7 + 13) - 3 - 9
-10
Evaluate 3 + 3 + -3 + (95 - 97).
1
Evaluate (8 - 3 - ((-22 - -44) + -10)) + -24.
-31
What is the value of 17 - (75 + -75 - (12 - (3 + -3)))?
29
Calculate -4 - (-3 + (0 - (-4 - 5)) - 19).
9
What is the value of 53 + -37 + -11 + 18 + 2?
25
What is -1 + 3 + (-3 - (-15 + 4)) + 4?
14
Calculate (-31 + -4 - 2) + (318 - 306).
-25
26 + -2 + 0 + 60 + -52 + -8
24
What is the value of 0 - (2 